) = -n**2 + m*n**2 - 5 - 5*n**2 - n**3 + 0. Calculate p(-4).
11
Let t be 8 - 6 - -1*2. Suppose -5*a - 28 = -t*h + h, h = -a - 4. Let b(q) = q + 5. Determine b(a).
0
Let f(l) = l**3 - l**2 + l - 1. Let y be f(1). Let n(u) = -2*u + 4*u + y*u. What is n(-5)?
-10
Let z = -33 + 38. Let p(u) be the second derivative of -u**4/12 + u**3 - u**2/2 + 3*u. Determine p(z).
4
Let c = 4 + -10. Let f(a) be the third derivative of -a**4/24 - 2*a**3/3 + 3*a**2. Give f(c).
2
Let r(u) = -u. Let y be (-18)/(-12)*8/3. Let k be (-6)/1*1/2. Let q = k + y. Determine r(q).
-1
Let g(y) = -4*y**2 + y. Suppose 0*f + 5*p - 28 = 2*f, p = f + 14. Let j be f/6*3*-1. Suppose -r + j = -5*s + 26, 0 = -2*r + 3*s - 10. Give g(r).
-3
Let a(j) be the third derivative of 1/12*j**4 - 1/3*j**3 + 0 + 4*j**2 + 0*j. Give a(4).
6
Let t(m) = -m - 1. Suppose 34 = 8*g - 62. What is t(g)?
-13
Suppose -2 = -0*a - a. Let v(j) = -3*j**2 + 0 - 4*j + a*j**2 - 1. What is v(-4)?
-1
Let m(f) = -2*f**3 + f**2 + f - 1. Let p = 93 + -92. Calculate m(p).
-1
Let o be -8*(-2 + (-3)/(-2)). Suppose -m = o*m + 25. Let g(c) = c**2 + 4*c. What is g(m)?
5
Let a(w) = w - 2. Let f = 25 + -32. Calculate a(f).
-9
Let s = 4 + -8. Let z(p) = -p**3 - 5*p**2 - 5*p. What is z(s)?
4
Let q(z) = 2*z - 6. Let m be q(8). Suppose -s - s + p = 0, s + m = 3*p. Let b(f) = -2*f**2 - 2*f. Calculate b(s).
-12
Let w be 8 + -1*1/2*4. Let h(i) = i**3 - 5*i**2 - 6*i - 3. Give h(w).
-3
Let b(i) = -2*i**2 - 2*i + 2. Suppose 0 = 4*h - 2*h + 2*w + 6, 3*h - 26 = 4*w. Determine b(h).
-10
Let m(g) = 6*g + 4*g + 5*g - 4*g. Let k(q) = q**3 + q + 1. Let n be k(0). What is m(n)?
11
Let t = 16 - 14. Let d(g) = -g**2. Let j(a) = a**3 - 9*a**2 + 3*a. Let u(m) = 6*d(m) - j(m). What is u(t)?
-2
Let i(q) = q**3 + 3*q**2 - 2*q - 3. Let u be 5/(-2) + (-18)/(-36). Determine i(u).
5
Let u(d) = d**3 - 4*d**2 - 5*d. Let r(j) = j**2 - 2*j. Suppose y + 1 = -g - 0, 2*y + 8 = 0. Let n be r(g). Suppose 3*q + 4*p = 31, 15 + 4 = n*q + p. Give u(q).
0
Let m(n) = n**3 - 8*n**2 + 8*n + 1. Let q be m(7). Suppose -2*o = -5*v - q, 0*v = 5*o + 2*v + 9. Let u(r) = 5*r**3 + r**2 + r. Calculate u(o).
-5
Suppose 4*w - 179 + 51 = 0. Suppose -7 = 5*x - w. Suppose -x*q = 15, -q = -5*d - 0*q + 28. Let h(t) = t**3 - 4*t**2 - 4*t - 7. What is h(d)?
-2
Let z(d) = 5*d + 4. Let j(m) be the first derivative of 21/2*m**2 + 16*m - 1. Let k(r) = 2*j(r) - 9*z(r). What is k(-3)?
5
Let t(c) be the third derivative of 1/24*c**4 - c**2 + 0 + 0*c - c**3. Give t(5).
-1
Suppose 3*y - 5 - 1 = 0. Let a(t) = 3*t**3 - 3*t + 1. Calculate a(y).
19
Let y(h) = 1. Let u(a) = a + 1. Let n(m) = -u(m) - y(m). Determine n(-1).
-1
Suppose 4*u + 3*j = 8 - 1, -2*j = u - 3. Let n(y) = 5*y**2 - y + 4. Let p(q) = 6*q**2 - q + 3. Let c(x) = -2*n(x) + 3*p(x). Give c(u).
8
Suppose -8 = -f - 3*x + 2*x, -4*x = -16. Suppose 14 = -f*v + 2. Let t(n) = n**3 + 3*n**2 - 3*n - 3. Give t(v).
6
Let m(d) be the second derivative of d**3/3 + 7*d**2/2 - 37*d. What is m(5)?
17
Let n(a) = -4*a**3 - 11*a**2 - 14*a - 3. Let f(w) = 3*w**3 - 2*w**2 + 9*w + 9*w**2 - 1 + 3. Let h(o) = -8*f(o) - 5*n(o). Determine h(-1).
4
Let b(l) = -2*l + 4 - 2*l + 3*l. Suppose -z = 5*n - 29, -5*n + 5*z = -0*n - 5. What is b(n)?
-1
Let t(m) be the second derivative of -m**5/120 + m**4/24 + 5*m**3/6 + 2*m. Let k(v) be the second derivative of t(v). Calculate k(5).
-4
Let c(v) = -v**2 + v - 1. Let x(n) = -4*n**2 + 10*n. Let y(k) = 5*c(k) - x(k). Let r = -21 - -16. Determine y(r).
-5
Let y be (-13)/(-5)*(-25)/(-5). Suppose 5 = 3*r - y. Let n(j) = j**2 - 5*j - 1. Determine n(r).
5
Let t(h) = -5 + 3*h**2 - 2*h + 3*h + 8 - 5*h. Let g(i) = -i - 4*i**2 - i**3 - 4 + 0*i - 4*i. Let o be g(-3). Determine t(o).
7
Suppose 0 = 4*s - 28. Suppose -5 = -5*v, -2*v = -2*d + s - 3. Let z(b) = -b + 4. Let y(i) = 3. Let f(c) = 3*y(c) - 2*z(c). Give f(d).
7
Let r be (-7 + 4)/3*-4. Let q be 2*(2/r - 3). Let y(a) = a**2 + 4*a - 3. What is y(q)?
2
Let d(t) = -2 + 0 - 2 - t**3 + 2. Calculate d(-2).
6
Let k(g) = -3*g**3 + g**3 + g + g**3 - 3*g**2 + 0 + 3. Let i be 1/(-5) + (-42)/15. What is k(i)?
0
Let d(q) = 39 + 0*q - q - 41. Determine d(2).
-4
Let v(h) = -h**2 - h + 5 - h + 3*h. Let z(x) = -x**2 + 9*x - 10. Let t be z(7). Let o(g) = g**2 - g - 6. Let u(d) = t*o(d) + 5*v(d). Give u(3).
-5
Let k(a) = -a + 1. Let m(b) = -5*b + 6. Let d(n) = 2*k(n) - m(n). What is d(-5)?
-19
Let v(h) = 7*h**2 + 5*h + 4. Let f(y) = 15*y**2 + 10*y + 9. Let u(n) = 6*f(n) - 13*v(n). Let l(a) = -a**3 - 4*a**2 + 7*a + 5. Let g be l(-5). Give u(g).
2
Suppose 4*t - 3*t - 1 = 0. Let v(r) = 3*r + 0*r - 3*r**2 - 2*r - t. Give v(1).
-3
Let g(v) = -v - 8. Let x be 2 - (1 + (-2 - -1)). Suppose 9 + 3 = 4*d. Suppose x*h = d*h. What is g(h)?
-8
Let t(u) = u**2 + u + 1. Let c be t(-2). Let m(r) = -6*r + 2*r - 3 + 8*r. Calculate m(c).
9
Let n(b) = -b**2 - 9*b + 13. Let q be n(-11). Let t(x) = x**3 + 10*x**2 + 8*x - 3. Determine t(q).
6
Let y(p) be the first derivative of -p**4/12 + 2*p**3/3 + 3*p**2/2 - 4*p + 3. Let l(o) be the first derivative of y(o). Calculate l(6).
-9
Let h(c) = c - 7. Suppose 4*n - 21 = -3*f, 5*f - 43 = -4*n - 16. Suppose -3*r = 3*g - 21, -n = g + 3*r - 7*r. Give h(g).
-2
Let w(l) be the third derivative of -l**8/6720 + l**7/630 + l**6/180 + l**5/24 + l**4/12 - 3*l**2. Let k(y) be the second derivative of w(y). Determine k(5).
0
Let b(j) be the first derivative of j**7/840 + j**6/90 - j**5/24 + 5*j**4/24 - 2*j**3/3 + 5. Let m(g) be the third derivative of b(g). Determine m(-5).
5
Let u be 6/(-24) + 2/8. Let z(j) = j**2 - j + 2. Determine z(u).
2
Let s(b) = 2*b - 10. Let a be s(8). Let z = -11 + a. Let l(m) = m + 6. What is l(z)?
1
Let i(l) be the second derivative of -l**3/6 - 2*l**2 - 7*l. Determine i(-4).
0
Let t(d) be the first derivative of -3*d**2/2 - 4. Give t(2).
-6
Suppose -3*c - 9 = -3*j, -2*j = -c + 3 - 4. Let a = 2 - j. Let b be (a/2 - 12)/2. Let t(h) = -2*h - 2. What is t(b)?
8
Suppose -8 = 2*z - 3*z. Let n = z + -3. Let q(y) = -3 + 4 - n*y + 0*y. Determine q(1).
-4
Let w(m) be the second derivative of -m**5/20 + m**4/4 + m**3/3 - m**2/2 - 32*m. What is w(4)?
-9
Let p(y) = 8*y + 4 - 4*y**3 - 13 - 7*y**2 + 5*y**3 + 0*y**2. Determine p(6).
3
Let z(v) be the third derivative of -4*v**2 + 5/6*v**3 - 1/60*v**5 + 0 + 0*v + 1/6*v**4. Calculate z(4).
5
Let l(x) = 20*x**2 + 8*x - 3. Let z(w) = 7*w**2 + 3*w - 1. Let h(r) = 6*l(r) - 17*z(r). Let u = -1 - -7. Let p be (-2)/u - (-30)/9. Calculate h(p).
-1
Let q(x) = -3*x + 2. Suppose 0*r = r - 12. Let h be 4/6 - r/(-9). Suppose -h*f + 22 = -3*v, -f - 5 = 3*v + 2. What is q(v)?
14
Let x(u) = u**2 + 4*u - 6. Suppose -d = -5*d - m - 11, -4*m - 8 = 4*d. Let g be 2/d*60/8. Determine x(g).
-1
Let c be 23 - -1*(2 + -1). Let o be (16/c)/(1/6). Let n(v) = v. Give n(o).
4
Let i(u) = -u. Suppose 3*g + 2 = 4*g. Suppose 12 = 3*a - 0*a, g*s = 2*a - 4. Suppose v - 4*h = 20, -s*v - 2*v = -2*h - 24. Give i(v).
-4
Let s be 21/5 + (-133)/(-35) + -4. Let a(j) = j. Let p(m) = -3*m + 9. Let k(v) = -2*a(v) - p(v). Determine k(s).
-5
Let r(f) = f**3 + 7*f**2 + 7*f - 3. Let l be -4*(5/2 - 3). Suppose -3*s + l - 20 = 0. Determine r(s).
-9
Suppose 0 = 5*k + o + o - 4, 2*k - 3*o = -6. Let p(y) = 14*y - 3. Let s(n) = 5*n - 1. Let g(m) = -4*p(m) + 11*s(m). Give g(k).
1
Let g(r) = -25*r - r**3 + 41*r + 7*r**2 - 18*r + 10. Calculate g(7).
-4
Let m(p) = 3*p**2 + 8*p - 6*p - p - p**3 - 4*p**2 + 12. Give m(0).
12
Let s(p) be the first derivative of 2*p**3 + p**2 - p - 59. What is s(1)?
7
Let k = -7 - -13. Suppose -3*h - 4*v + k = -8*h, 3*h - 26 = -5*v. Suppose -4*d + h = -2*d. Let p(a) = -a. Calculate p(d).
-1
Suppose w - 11 = -2*v, -2*v + 5*w - 40 = -7*v. Let f(m) = -m**2 + 4. Determine f(v).
-5
Let h(l) = -l - 2. Let a = -5 + 23. Suppose 2*c + c + a = 0. Calculate h(c).
4
Let g(x) = x**3 + 11*x**2 + 11*x + 8. Let q be ((-20)/(-6))/(4/(-12)). Give g(q).
-2
Let r(p) = -10*p**3 - 11*p**2 + 8*p. Let z(u) = 3*u**3 + 4*u**2 - 3*u. Let w(q) = 2*r(q) + 7*z(q). Give w(-7).
-14
Let x(y) = -y + 4. Suppose 5*a = -3*o + 14, -2*o - 3*o = -5*a - 50. Let k be (7 - o) + (-10)/(-2). Give x(k).
0
Let k(n) = n**2 + 2*n - 5. Suppose 0 = 5*a + w + 25, a = 5*a + 5*w + 20. Calculate k(a).
10
Let n(s) be the first derivative of s**5/20 - s**4/6 + 2*s**3/3 - s**2 + 3*s - 3. Let y(k) be the first derivati